nder when 62 is divided by 39?
23
What is the remainder when 144 is divided by 78?
66
What is the remainder when 478 is divided by 96?
94
What is the remainder when 1315 is divided by 31?
13
Calculate the remainder when 823 is divided by 7.
4
Calculate the remainder when 210 is divided by 32.
18
Calculate the remainder when 556 is divided by 14.
10
Calculate the remainder when 658 is divided by 132.
130
What is the remainder when 742 is divided by 371?
0
Calculate the remainder when 213 is divided by 50.
13
Calculate the remainder when 125 is divided by 6.
5
What is the remainder when 120 is divided by 116?
4
What is the remainder when 3188 is divided by 42?
38
What is the remainder when 517 is divided by 35?
27
Calculate the remainder when 133 is divided by 35.
28
Calculate the remainder when 93 is divided by 6.
3
What is the remainder when 42 is divided by 22?
20
Calculate the remainder when 31 is divided by 28.
3
What is the remainder when 2131 is divided by 97?
94
Calculate the remainder when 40 is divided by 2.
0
What is the remainder when 102 is divided by 51?
0
What is the remainder when 141 is divided by 30?
21
Calculate the remainder when 93 is divided by 42.
9
Calculate the remainder when 21962 is divided by 23.
20
What is the remainder when 167 is divided by 7?
6
What is the remainder when 99 is divided by 21?
15
What is the remainder when 175 is divided by 8?
7
Calculate the remainder when 2126 is divided by 2123.
3
What is the remainder when 104 is divided by 80?
24
Calculate the remainder when 365 is divided by 59.
11
Calculate the remainder when 464 is divided by 23.
4
Calculate the remainder when 317 is divided by 18.
11
What is the remainder when 1185 is divided by 1170?
15
What is the remainder when 2421 is divided by 805?
6
What is the remainder when 15 is divided by 6?
3
Calculate the remainder when 213 is divided by 68.
9
Calculate the remainder when 342 is divided by 128.
86
Calculate the remainder when 475 is divided by 17.
16
Calculate the remainder when 1330 is divided by 173.
119
Calculate the remainder when 2111 is divided by 32.
31
Calculate the remainder when 80 is divided by 14.
10
What is the remainder when 147 is divided by 25?
22
What is the remainder when 103 is divided by 46?
11
What is the remainder when 114 is divided by 4?
2
What is the remainder when 4583 is divided by 914?
13
What is the remainder when 279 is divided by 20?
19
What is the remainder when 137 is divided by 42?
11
Calculate the remainder when 145 is divided by 44.
13
Calculate the remainder when 7383 is divided by 13.
12
Calculate the remainder when 191 is divided by 6.
5
Calculate the remainder when 425 is divided by 185.
55
What is the remainder when 75 is divided by 3?
0
Calculate the remainder when 105 is divided by 77.
28
Calculate the remainder when 653 is divided by 55.
48
What is the remainder when 34 is divided by 12?
10
What is the remainder when 233 is divided by 61?
50
What is the remainder when 425 is divided by 34?
17
Calculate the remainder when 1701 is divided by 71.
68
Calculate the remainder when 453 is divided by 76.
73
What is the remainder when 7953 is divided by 215?
213
Calculate the remainder when 297 is divided by 25.
22
Calculate the remainder when 33632 is divided by 31.
28
Calculate the remainder when 225 is divided by 35.
15
Calculate the remainder when 67 is divided by 14.
11
Calculate the remainder when 95 is divided by 6.
5
What is the remainder when 113 is divided by 16?
1
What is the remainder when 20518 is divided by 108?
106
Calculate the remainder when 946 is divided by 160.
146
Calculate the remainder when 609 is divided by 199.
12
What is the remainder when 43 is divided by 3?
1
What is the remainder when 1044 is divided by 256?
20
Calculate the remainder when 229 is divided by 60.
49
What is the remainder when 45 is divided by 23?
22
What is the remainder when 11948 is divided by 3977?
17
Calculate the remainder when 825 is divided by 9.
6
Calculate the remainder when 320 is divided by 7.
5
Calculate the remainder when 102 is divided by 36.
30
Calculate the remainder when 426 is divided by 12.
6
What is the remainder when 8901 is divided by 21?
18
What is the remainder when 1415 is divided by 192?
71
What is the remainder when 1135 is divided by 71?
70
What is the remainder when 3692 is divided by 16?
12
Calculate the remainder when 179 is divided by 9.
8
What is the remainder when 713 is divided by 65?
63
Calculate the remainder when 67 is divided by 26.
15
Calculate the remainder when 856 is divided by 189.
100
Calculate the remainder when 3537 is divided by 10.
7
What is the remainder when 303 is divided by 102?
99
What is the remainder when 211 is divided by 108?
103
Calculate the remainder when 24 is divided by 23.
1
Calculate the remainder when 3534 is divided by 35.
34
Calculate the remainder when 79 is divided by 36.
7
What is the remainder when 273 is divided by 25?
23
What is the remainder when 174 is divided by 162?
12
Calculate the remainder when 402 is divided by 98.
10
Calculate the remainder when 31 is divided by 30.
1
Calculate the remainder when 537 is divided by 109.
101
What is the remainder when 1817 is divided by 6?
5
Calculate the remainder when 17254 is divided by 17.
16
Calculate the remainder when 193 is divided by 66.
61
What is the remainder when 3726 is divided by 13?
8
Calculate the remainder when 1958 is divided by 646.
20
What is the remainder when 247 is divided by 31?
30
Calculate the remainder when 25043 is divided by 7.
4
What is the remainder when 3984 is divided by 9?
6
What is the remainder when 316 is divided by 31?
6
Calculate the remainder when 577 is divided by 72.
1
What is the remainder when 64 is divided by 11?
9
What is the remainder when 903 is divided by 161?
98
What is the remainder when 181 is divided by 78?
25
What is the remainder when 131 is divided by 24?
11
What is the remainder when 148 is divided by 65?
18
Calculate the remainder when 397 is divided by 57.
55
What is the remainder when 23 is divided by 17?
6
What is the remainder when 4624 is divided by 72?
16
What is the remainder when 630 is divided by 13?
6
What is the remainder when 2915 is divided by 54?
53
Calculate the remainder when 48483 is divided by 29.
24
Calculate the remainder when 81 is divided by 24.
9
What is the remainder when 11164 is divided by 13?
10
What is the remainder when 4928 is divided by 35?
28
Calculate the remainder when 1834 is divided by 24.
10
What is the remainder when 600 is divided by 564?
36
Calculate the remainder when 315 is divided by 64.
59
What is the remainder when 151 is divided by 38?
37
What is the remainder when 310 is divided by 12?
10
Calculate the remainder when 4903 is divided by 45.
43
Calculate the remainder when 260 is divided by 29.
28
What is the remainder when 3626 is divided by 5?
1
Calculate the remainder when 714 is divided by 234.
12
Calculate the remainder when 889 is divided by 109.
17
Calculate the remainder when 2710 is divided by 881.
67
What is the remainder when 197 is divided by 40?
37
What is the remainder when 738 is divided by 102?
24
What is the remainder when 87 is divided by 9?
6
Calculate the remainder when 209 is divided by 21.
20
Calculate the remainder when 605 is divided by 246.
113
What is the remainder when 1345 is divided by 45?
40
Calculate the remainder when 248 is divided by 159.
89
What is the remainder when 537 is divided by 34?
27
Calculate the remainder when 262 is divided by 68.
58
What is the remainder when 403 is divided by 45?
43
What is the remainder when 325 is divided by 74?
29
Calculate the remainder when 764 is divided by 5.
4
Calculate the remainder when 539 is divided by 172.
23
Calculate the remainder when 302 is divided by 109.
84
Calculate the remainder when 7618 is divided by 19.
18
What is the remainder when 1559 is divided by 263?
244
What is the remainder when 452 is divided by 86?
22
What is the remainder when 484 is divided by 114?
28
Calculate the remainder when 3164 is divided by 55.
29
What is the remainder when 648 is divided by 614?
34
Calculate the remainder when 178 is divided by 6.
4
Calculate the remainder when 35203 is divided by 58.
55
Calculate the remainder when 791 is